 a multiple of 213?
False
Is 874178 a multiple of 268?
False
Does 27 divide 8768817?
True
Does 96 divide 846513?
False
Does 12 divide 135756?
True
Does 211 divide 9336183?
False
Does 1612 divide 31445284?
True
Does 17 divide 132203?
False
Is 275911 a multiple of 123?
False
Does 10 divide 1167530?
True
Is 2009760 a multiple of 30?
True
Is 21 a factor of 43743?
True
Does 69 divide 2171361?
True
Is 18 a factor of 504612?
True
Does 48 divide 423456?
True
Is 118365 a multiple of 13?
True
Is 8 a factor of 12191200?
True
Is 23 a factor of 11322141?
True
Is 33 a factor of 104676?
True
Is 881076 a multiple of 51?
True
Does 17 divide 124638?
False
Is 169282 a multiple of 110?
False
Is 51 a factor of 105011?
False
Does 24 divide 282832?
False
Is 116891 a multiple of 81?
False
Is 5148 a multiple of 4?
True
Is 805895 a multiple of 5?
True
Is 948320 a multiple of 5?
True
Does 44 divide 144268?
False
Is 3646812 a multiple of 482?
True
Is 40388 even?
True
Does 28 divide 122771?
False
Does 16 divide 97264?
True
Is 304590 a multiple of 10?
True
Does 343 divide 226037?
True
Is 110016 a multiple of 32?
True
Is 1487 a factor of 2475855?
True
Does 168 divide 965943?
False
Does 198 divide 1035?
False
Does 128 divide 13715419?
False
Is 19 a factor of 3418863?
False
Does 174 divide 529?
False
Does 22 divide 28355250?
True
Is 3293112 a multiple of 57?
False
Is 14 a factor of 337106?
True
Is 65402 a multiple of 70?
False
Does 247 divide 74347?
True
Is 192 a factor of 1097856?
True
Does 133 divide 52453?
False
Does 48 divide 31839?
False
Does 7 divide 16628?
False
Does 26 divide 28900118?
True
Is 88948 a multiple of 148?
True
Is 55760 a multiple of 164?
True
Does 83 divide 385098?
False
Does 3 divide 6168?
True
Is 151 a factor of 754776?
False
Is 31 a factor of 440045?
True
Does 18 divide 2308770?
True
Is 114 a factor of 442206?
True
Is 124832 a multiple of 8?
True
Is 56 a factor of 534031?
False
Does 21 divide 435909?
False
Is 593725 a multiple of 635?
True
Is 513330 a multiple of 116?
False
Is 22807 a multiple of 210?
False
Is 8 a factor of 430902?
False
Is 1115 a factor of 7919845?
True
Is 40 a factor of 146840?
True
Is 6842540 a multiple of 20?
True
Is 182509 a multiple of 12?
False
Is 23 a factor of 50807?
True
Is 68 a factor of 305252?
True
Is 3231681 a multiple of 2?
False
Is 20049 a multiple of 41?
True
Is 12 a factor of 167588?
False
Is 1684476 a multiple of 611?
False
Does 215 divide 944280?
True
Is 16 a factor of 48336?
True
Is 12526550 a multiple of 55?
False
Does 101 divide 371530?
False
Does 41 divide 6273164?
True
Is 543744 a multiple of 6?
True
Is 226 a factor of 489232?
False
Is 573786 a multiple of 502?
True
Does 8 divide 938439?
False
Is 83 a factor of 67977?
True
Does 2 divide 64799?
False
Is 70 a factor of 66290?
True
Does 12 divide 58134?
False
Does 80 divide 117799?
False
Is 4569215 a multiple of 35?
True
Is 105 a factor of 8081115?
True
Is 103 a factor of 112345?
False
Is 18435690 a multiple of 9?
True
Is 96 a factor of 3035520?
True
Does 76 divide 11096?
True
Is 27 a factor of 2309415?
False
Is 134 a factor of 603094?
False
Does 25 divide 1426657?
False
Is 92 a factor of 602048?
True
Does 58 divide 579191?
False
Is 881649 a multiple of 343?
False
Does 21 divide 1715456?
False
Is 31 a factor of 410927?
False
Does 39 divide 408486?
True
Is 575164 a multiple of 4?
True
Is 194046 a multiple of 103?
False
Is 576 a factor of 1957175?
False
Is 305170 a multiple of 24?
False
Is 1431097 a multiple of 9?
False
Is 8 a factor of 184384?
True
Is 318720 a multiple of 19?
False
Is 13328 a multiple of 136?
True
Is 12 a factor of 9934139?
False
Is 731556 a multiple of 6?
True
Does 2 divide 136799?
False
Does 264 divide 21955178?
False
Is 762 a factor of 2673631?
False
Is 4 a factor of 4186?
False
Is 103 a factor of 1754365?
False
Is 14125800 a multiple of 10?
True
Is 291 a factor of 96030?
True
Is 98287 a multiple of 153?
False
Does 4 divide 145308?
True
Is 1300880 a multiple of 280?
True
Is 13 a factor of 6284356?
True
Is 143784 a multiple of 6?
True
Is 3455641 a multiple of 77?
False
Is 55824 a multiple of 8?
True
Is 9879 a multiple of 267?
True
Is 1513211 a multiple of 7?
True
Is 387 a factor of 115340?
False
Is 23 a factor of 6658731?
False
Does 51 divide 35140927?
False
Is 133393 a multiple of 31?
True
Is 24854 even?
True
Is 803 a factor of 365365?
True
Is 39025 a multiple of 81?
False
Does 6 divide 52750?
False
Is 2449328 a multiple of 133?
True
Is 64 a factor of 2851219?
False
Is 991 a factor of 4468419?
True
Does 28 divide 3612140?
True
Does 14 divide 167020?
True
Does 120 divide 3355518?
False
Is 310 a factor of 2163571?
False
Is 14 a factor of 1505001?
False
Does 6 divide 519730?
False
Is 62 a factor of 658809?
False
Is 134 a factor of 17107?
False
Is 987626 a multiple of 19?
False
Does 29 divide 16008?
True
Is 817 a factor of 504906?
True
Is 23 a factor of 210266?
True
Is 314743 a multiple of 141?
False
Does 585 divide 635469?
False
Is 228 a factor of 1247737?
False
Is 42 a factor of 625230?
False
Does 95 divide 19000?
True
Does 45 divide 1469295?
True
Is 3000646 a multiple of 6?
False
Is 653895 a multiple of 9?
True
Is 157556 a multiple of 119?
True
Is 2811989 a multiple of 16?
False
Does 9 divide 355231?
False
Is 13 a factor of 28349945?
True
Does 130 divide 6278350?
True
Is 185 a factor of 9567?
False
Is 15 a factor of 12420?
True
Is 2441168 a multiple of 1228?
False
Is 19 a factor of 16606?
True
Is 7 a factor of 225402?
False
Is 55636 a multiple of 28?
True
Is 9902984 a multiple of 91?
True
Is 205091 a multiple of 37?
True
Is 128986 a multiple of 13?
True
Does 9 divide 306237?
False
Is 125 a factor of 140483?
False
Does 183 divide 109839?
False
Is 39 a factor of 1708044?
True
Does 7 divide 1866320?
False
Is 475541 a multiple of 29?
False
Is 346 a factor of 2602958?
True
Does 26 divide 107441?
False
Is 370 a factor of 159840?
True
Is 159335 a multiple of 11?
True
Is 214170 a multiple of 33?
True
Does 10 divide 12585570?
True
Does 236 divide 244080?
False
Does 7 divide 168742?
True
Does 11 divide 8271?
False
Is 238 a factor of 229670?
True
Is 13 a factor of 152594?
True
Is 435643 a multiple of 299?
True
Is 491 a factor of 295091?
True
Does 31 divide 2852558?
True
Is 28500 a multiple of 4?
True
Is 7417 a multiple of 46?
False
Does 51 divide 385008?
False
Does 67 divide 144519?
True
Is 111 a factor of 3852673?
False
Is 3 a factor of 27984?
True
Is 16169 a multiple of 10?
False
Is 18 a factor of 13914?
True
Is 13873996 a multiple of 19?
False
Is 8939871 a multiple of 86?
False
Is 79 a factor of 746445?
False
Does 53 divide 1515693?
False
Is 33 a factor of 81400?
False
Does 316 divide 13568617?
False
Is 12 a factor of 91839?
False
Is 84568 a multiple of 682?
True
Is 1171558 a multiple of 5?
False
Is 8994193 a multiple of 21?
False
Is 28763 a multiple of 10?
False
Does 26 divide 349696?
False
Is 191 a factor of 1187867?
False
Is 1363693 a multiple of 211?
True
Is 1303338 a multiple of 25?
False
Is 171 a factor of 39159?
True
Does 991 divide 1866053?
True
Is 16 a factor of 408690?
False
Is 1118245 a multiple of 6?
False
Is 305 a factor of 127185?
True
Does 176 divide 1069904?
True
Does 41 divide 588472?
False
Is 14 a factor of 421078?
True
Is 28 a factor of 7579766?
False
Is 1215153 a multiple of 12?
False
Does 14 divide 1016400?
True
Is 78 a factor of 10659114?
False
Does 15 divide 187260?
True
Is 12 a factor of 10649856?
True
Is 704509 a multiple of 60?
False
Is 5620818 a multiple of 42?
True
Is 4719 a multiple of 3?
True
Is 18 a factor of 528266?
False
Is 548967 a multiple of 19?
True
Is 375430 a multiple of 24?
False
Is 1714885 a multiple of 47?
False
Does 22 divide 2140072?
True
Is 46 a factor of 10074?
True
Is 703000 a multiple of 20?
True
Does 597 divide 1476381?
True
Is 4 a factor of 1516245?
False
Does 96 divide 4384992?
True
Is 535570 a multiple of 3?
False
Is 433143 a multiple of 19?
True
Does 130 divide 38350?
True
Does 38 divide 19076?
True
Does 146 divide 11463628?
True
Is 3198 a multiple of 41?
True
Is 243 a factor of 2240460?
True
Is 11851005 a multiple of 635?
True
Is 779 a factor of 2199484?
False
Is 413717 a multiple of 8?
False
Is 81 a factor of 9059136?
False
Is 48352 a multiple of 4?
True
Does 350 divide 6907950?
True
Is 664755 a